et m = -210 - h. Is m composite?
False
Let v(c) = -17 - 20*c + c**3 + 22*c**2 - c + 38. Let i be 2 + 66/(-4) + (-3)/2. Is v(i) prime?
False
Let z(g) = 6*g + 14. Let a be z(-7). Is (28/a)/(1*2/(-1778)) a prime number?
False
Suppose -4*o + 88 = -36. Suppose o*u - 25*u = 10254. Is u a composite number?
False
Let v(p) = 916*p**3 - 2*p**2 + p + 4. Let c be v(3). Let j = c - 17637. Suppose -j - 4745 = -3*r. Is r prime?
True
Let z(r) = 65*r + 31. Suppose 15 = 3*l - 3*n, -15 = -3*l + 2*n - 6*n. Suppose -3*j + 6*f = l*f - 23, 0 = 2*j - 2*f - 14. Is z(j) prime?
False
Let o be (-6 - 0/(-7))*(-4)/6. Suppose 0 = -o*v - 3*d + 2890, -v + 2*d + 3*d + 734 = 0. Suppose 2*h - v = 3*g, -6*g + 2*g - 8 = 0. Is h composite?
False
Let s be (-149901)/13 - (-3)/(-156)*8. Let y = s + 21900. Is y a composite number?
False
Let m be -4 - (-4 - 2) - -10204. Let c = 27833 + m. Is c a composite number?
False
Is (3 - 0)/(42/2598134) composite?
True
Let f be (10/4)/(11/(616/35)). Let u(z) = 1249*z - 87. Is u(f) composite?
False
Suppose 123*i = 112*i + 225049. Suppose 5*m + i = -o + 3*o, 3*m = 3*o - 30702. Is o composite?
True
Let z(r) = -2*r**3 + 2*r**2 - 24*r - 37. Is z(-27) a composite number?
True
Suppose 10 = 3*m + 2*c - c, -14 = -5*m + c. Suppose m*b - 7773 = j - 4*j, 3*b = -4*j + 10364. Is j composite?
False
Let d(r) = -30*r - r**3 + 4*r**2 + 17*r**2 - 14 + 0*r**2. Let w be d(19). Suppose w = 4*a - 706. Is a prime?
True
Let c(o) = 4*o + 1. Let j be c(3). Suppose 5*v - j*v = -16. Let t(b) = 58*b + 7. Is t(v) a prime number?
False
Let g(f) = -335*f + 30*f + 34 - 31*f. Is g(-8) composite?
True
Suppose -w + 1 - 8 = 0. Let h be 2/w - 6995/(-7). Suppose 4*l - 1249 = h. Is l a composite number?
True
Let k(m) = -8*m**3 + 17*m**2 - 80*m + 107. Is k(-22) a composite number?
False
Let c(d) = -28039*d + 5948. Is c(-9) prime?
True
Let x be 1/((-7)/(-4 + 11)). Let y(i) = -4003*i**3 - i**2 - 8*i - 7. Is y(x) composite?
False
Suppose 0*o + 8*o + 0*o = 0. Suppose o = 10*x - 5133 - 2737. Suppose -u - 456 = -s + 311, 4*u - x = -s. Is s a composite number?
True
Let d = -204 - -207. Suppose 2*b = d*z + 4654, -12*z + 9*z = -b + 2321. Is b prime?
True
Let w(h) = 19*h**2 + 8*h - 37. Suppose -8*a - 229 = -101. Is w(a) a prime number?
False
Suppose -2*f + 5*d + 342956 = 0, -2*d - 24279 - 490188 = -3*f. Is f composite?
True
Let a(z) be the second derivative of -95*z**3/6 + 71*z**2/2 + 53*z. Is a(-6) prime?
True
Let x(d) = -7*d**2 - 2*d**2 + 6*d - 5 - 2*d + 5*d**2. Let c be x(1). Is -1 + c + 60 + 0 + -1 a prime number?
True
Suppose -1080406 = -50*d + 202944. Is d composite?
False
Suppose a + 2*d + 190 = 0, 0 = -a - d - 0*d - 187. Let t = 21 + a. Let h = 230 + t. Is h a composite number?
False
Let j be (29425/33)/(((-4)/3)/4). Is (-38)/(-10)*j/(-5) prime?
False
Suppose -p + o + 4 = 0, -6*p + p + 26 = -2*o. Let t(k) = 15*k**3 - 5*k**2 - 4*k - 9. Is t(p) a composite number?
True
Let t(g) = -g + 1. Let h(p) = 181*p**2 + 21*p - 81. Let z(v) = h(v) - 3*t(v). Is z(13) prime?
True
Let x(s) = s**3 + 105*s**2 - 289*s + 1354. Is x(-93) a prime number?
True
Suppose -971959 = -2*q - 5*z, 4*q = 3*z - 7*z + 1943912. Is q a prime number?
True
Let s be (29/((-261)/222))/((-2)/4869). Suppose 4*m - s - 20825 = 0. Is m a composite number?
False
Let l(o) = -o**3 - 21*o**2 - 24*o - 75. Is l(-29) a prime number?
True
Let y(g) = -g**3 + 31*g**2 + 302*g + 77. Is y(37) prime?
True
Suppose -22*b + 21*b + 4629 = 0. Let p = 12382 - b. Is p prime?
True
Suppose -3*i - 4*c = c - 88366, 3*i = -2*c + 88351. Is i prime?
False
Let g be -2*(-3 - (2 - 3)). Suppose -12*h - 584 = -14*h. Suppose -2*j + 0*j + h = g*q, 0 = -4*q - j + 288. Is q composite?
False
Suppose -1435096 + 10694781 = 134*s - 1981709. Is s a prime number?
True
Let a = 4112 - 9604. Let v = 12112 + a. Suppose -8*k = -12*k + v. Is k a prime number?
False
Suppose -11*a + 8 = -9*a. Suppose 2*x + q = x + 3, 0 = -a*x - 5*q + 11. Suppose -x*n - n = -1805. Is n a prime number?
False
Let f(o) = o**3 + 3*o**2 - 9*o + 19. Let c be f(9). Let x = -539 + c. Is x a prime number?
False
Suppose 0*c + 2*c = -2*m + 32, 5*m + 4*c = 78. Is ((-2)/(-3))/((112/43908)/m) a prime number?
True
Suppose -28 = 3*o - 4*m, -3*o - 21 + 1 = 4*m. Is 23578*4/o*-1 a prime number?
True
Let y = 200404 - 13511. Is y a composite number?
True
Let g(q) be the second derivative of -q**4/4 + 16*q**3/3 - 21*q**2/2 - 15*q. Let z be g(10). Let i(x) = -418*x**3 + 2*x**2 + x. Is i(z) composite?
False
Suppose -42361133 - 14307583 - 2164119 = -285*j. Is j a composite number?
True
Let d(p) = -8*p**3 + p - 1. Let k be d(2). Is 7/k - 284728/(-36) prime?
False
Let x(a) = -a**2 + 4*a - 4. Let g(s) = -s + 5. Let o(j) = 1. Let c(y) = g(y) - 5*o(y). Let b(r) = -6*c(r) - x(r). Is b(-5) a composite number?
False
Suppose 482*f = 489*f + 48629. Is f/(-4 + 3) + 0/2 prime?
True
Let g(h) = 97*h**2 - h + 1. Suppose 11*u + 5 = -28. Is g(u) a composite number?
False
Suppose -2*k - 2 = 2*i + 24, -3*i - 5*k = 33. Is (305452/i)/((-16)/64) prime?
False
Let k(b) = -b - 53. Let x be k(-10). Let r = x + 76. Is (-11)/(r/(-6))*(-254)/(-4) a composite number?
False
Let r(z) be the first derivative of -z**6/120 - z**5/60 + z**4/6 + z**3/6 + z**2/2 - 8. Let b(i) be the second derivative of r(i). Is b(-4) a composite number?
True
Let j = 132 - 124. Suppose -j*c + 10*c = 1042. Is c a composite number?
False
Suppose -230*u + 1314064 = -214*u. Is u a prime number?
True
Let q be 2 - (-3 + (3 - -2)). Let z be -837 - (5 + -2) - (2 + q). Let b = -544 - z. Is b prime?
False
Let p(h) = 12*h + 121. Let b be p(-10). Let i(w) = w + 6. Let z be i(-4). Is b/5 - 33632/(-40) - z composite?
False
Let c = -17089 + -20168. Let j = -18362 - c. Is j composite?
True
Suppose -19*n + 19307 = -4*n - 5548. Is n prime?
True
Let s be 63617/1 + (-9)/((-72)/32). Suppose -s = -40*t + 31*t. Is t composite?
False
Suppose -2*g = -2*d + 1303184, -57*d + 56*d - 4*g = -651567. Is d a prime number?
True
Let c = -2544 - -4575. Suppose -18*z = -21*z + c. Is z a composite number?
False
Let x(v) = -v**2 + 5*v + 8. Let m be x(6). Let u = -1134 - -1133. Is (0 - u)/(m/358) composite?
False
Let i(u) = 20*u**2 + 15*u - 13. Suppose 0 = -5*j - 24 + 39. Let q be ((-30)/(-14) - j)/(4/(-28)). Is i(q) a composite number?
False
Suppose 37 = 3*x + 5*q, -4*x + 2 = 2*q - 24. Suppose 29 = -x*t + 5*k, 2*t + 18 = 5*k - 9. Is (-2203)/(-2 + 0 - t) a composite number?
False
Suppose -173142 = -11*k + 29*k. Is (k/(-3))/((-1)/(-3)) a prime number?
True
Let j = 2986230 + -2067101. Is j a composite number?
False
Let d(t) = -318*t**3 - 2*t**2 + 1. Suppose -s = 5*i + 136, 5*i = -3*s - 65 - 73. Let l = i - -26. Is d(l) composite?
False
Let h(g) = -10*g**3 + 17*g**2 + 8*g - 371. Is h(-14) a prime number?
False
Let i be 1/(-4) - (-51571)/(-52). Let l = 449 + i. Let f = l - -982. Is f prime?
True
Let w(c) = 151*c**2 + 108*c - 700. Is w(31) composite?
True
Let k(b) = 3*b + 16. Let j(q) = -q - 32. Let a(o) = 2*j(o) + 5*k(o). Let n(u) = -u**3 - 3*u**2 + 2*u - 5. Let v be n(-4). Is a(v) a composite number?
True
Let i = 2965 + -870. Suppose 10*y - i = 2345. Suppose -2*v - 4*u + 706 = -y, -v - 5*u + 578 = 0. Is v a composite number?
True
Suppose -9*j + 4*j + 30 = 0. Suppose 2*x - j*n = -11*n + 1819, 1815 = 2*x + n. Is x a composite number?
False
Suppose 14*f + 941 = 24139. Suppose -6*b + 3077 = -f. Is b composite?
True
Suppose 75*m = 72*m + 5484. Suppose -m + 37260 = 5*r + l, -r + 7096 = -3*l. Is r a prime number?
False
Let y be 33090/(5/15*6). Suppose -7*l - y + 43166 = 0. Is l prime?
True
Let p = 699 + -303. Suppose -4*s + 12040 + p = 0. Is s composite?
False
Is ((-74538455)/340 + 5*1)*(-8)/6 composite?
False
Let k(h) = 2*h**2 + 21*h + 45. Let u be k(-2). Suppose -w = -5, -10*w = -4*r - u*w + 289. Is r prime?
True
Let z = -5455 - -5458. Let c(o) = -7*o + 14 + 1 + 73*o**2 - 2. Is c(z) a prime number?
False
Suppose -51 = -4*t + t. Let v(m) = 57*m**2 - m - 177. Let z be v(0). Let j = t - z. Is j composite?
True
Let j(f) = f - 5. Let q be (8/20)/((-3 + 1)/(-50)). Let b be j(q). Suppose -16495 = b*u - 10*u. Is u a composite number?
False
Suppose -176*h + 172*h - 4*l + 24392 = 0, -30508 = -5*h + l. Is h prime?
True
Let l be (-6)/(-6)*(1 - -4). Suppose l*f + 1269 = -4*f. Let p = 266 - f. Is p composite?
True
Let m(y) = -7*y - 11. 